, what is -3235 - 23?
-3302
In base 16, what is 3ad + -2?
3ab
In base 12, what is a4 + -41?
63
In base 5, what is -12 + 223?
211
In base 5, what is 10200 + -1?
10144
In base 8, what is 27 + -71?
-42
In base 13, what is 235 - 1?
234
In base 2, what is 10110 - -11001?
101111
In base 5, what is -1344 - 10?
-1404
In base 8, what is 1345 - 4?
1341
In base 2, what is -1011000 + -10000?
-1101000
In base 14, what is 5 + -23b7?
-23b2
In base 11, what is -937 + 6?
-931
In base 5, what is 43 + 10?
103
In base 11, what is 284 - -4?
288
In base 4, what is 10 - -103330?
110000
In base 16, what is -2d - -22?
-b
In base 6, what is -12 + -11?
-23
In base 10, what is 14 - -2?
16
In base 7, what is 50 + 50?
130
In base 9, what is -122 + 1?
-121
In base 6, what is 5305 - 3?
5302
In base 2, what is -101 - 10100011101?
-10100100010
In base 14, what is 5 - 577?
-572
In base 13, what is 5 - 472?
-46a
In base 3, what is -211200 + -2?
-211202
In base 2, what is -10011111 - -101010?
-1110101
In base 16, what is 8 - -6?
e
In base 15, what is -d50 + -2?
-d52
In base 11, what is 3 + -306?
-303
In base 6, what is -4 - 3145?
-3153
In base 4, what is -11 - -10?
-1
In base 12, what is -16 + -b?
-25
In base 15, what is -18 + -2?
-1a
In base 4, what is -3 + -2110?
-2113
In base 10, what is 8 + -37?
-29
In base 9, what is 83 + -42?
41
In base 15, what is 29 - 7?
22
In base 14, what is -5 - -c5?
c0
In base 11, what is 5 - 77?
-72
In base 4, what is -21 + 1103?
1022
In base 12, what is -58a + 7?
-583
In base 6, what is 54 - 10?
44
In base 15, what is -476 - 1?
-477
In base 4, what is -1303 - -1?
-1302
In base 5, what is 3 - 1?
2
In base 5, what is -10411 + -1?
-10412
In base 2, what is -111000 - 11000?
-1010000
In base 8, what is -12 + 37?
25
In base 11, what is -93 + 0?
-93
In base 13, what is 0 + -261?
-261
In base 11, what is 7932 - -2?
7934
In base 16, what is 1e6 + -7?
1df
In base 11, what is -2 + -661?
-663
In base 13, what is -2 - 15?
-17
In base 3, what is 1201122 - 0?
1201122
In base 12, what is 12a96 + 0?
12a96
In base 14, what is 150 + 5?
155
In base 13, what is 261 - -5?
266
In base 7, what is 15 - -20?
35
In base 2, what is 10110000 - -101?
10110101
In base 15, what is 5a6 + -5?
5a1
In base 7, what is -2 - -16401?
16366
In base 9, what is -7407 - 0?
-7407
In base 16, what is -10 - -15?
5
In base 13, what is -36 - -4?
-32
In base 9, what is 30 - 3?
26
In base 12, what is 1a9 - 13?
196
In base 10, what is -14 - -16?
2
In base 9, what is 1 - -3?
4
In base 8, what is 1054 - 32?
1022
In base 7, what is -511 - 3?
-514
In base 6, what is 453430 + 2?
453432
In base 3, what is 2000 + 12100?
21100
In base 7, what is -22 - -30?
5
In base 13, what is -388 - 1?
-389
In base 16, what is 0 - -51?
51
In base 2, what is -11010 - -110101?
11011
In base 12, what is -4489 + 3?
-4486
In base 8, what is -4113 - 2?
-4115
In base 16, what is -5 + -b3?
-b8
In base 15, what is 3 + 8?
b
In base 2, what is 11000101111 - 0?
11000101111
In base 13, what is -6b6 - 2?
-6b8
In base 8, what is 3 + -571?
-566
In base 9, what is -4 + -50?
-54
In base 8, what is -4 + 13?
7
In base 16, what is 49 - -1?
4a
In base 10, what is -582 - 4?
-586
In base 8, what is 371 + 2?
373
In base 9, what is 1 + 388?
400
In base 9, what is 8 - 6720?
-6711
In base 12, what is 165a + 3?
1661
In base 10, what is 7 + 134?
141
In base 12, what is -34 + 2?
-32
In base 9, what is -301 + 1?
-300
In base 7, what is 103 + -5?
65
In base 16, what is 44 - 8?
3c
In base 8, what is -10 + -1076?
-1106
In base 8, what is 150 + 2?
152
In base 11, what is -2791 + 0?
-2791
In base 16, what is -8f + -3?
-92
In base 2, what is -11 - -10101001?
10100110
In base 2, what is 110100 + -11?
110001
In base 11, what is 5 + 12a5?
12aa
In base 16, what is 10b + -1?
10a
In base 7, what is 331 + 5?
336
In base 3, what is 2 - -111021?
111100
In base 11, what is -6 - a47?
-a52
In base 14, what is 23 + b?
30
In base 9, what is 118 - -3?
122
In base 2, what is 11011 - 11?
11000
In base 5, what is 114 + -3?
111
In base 9, what is -1575 + -4?
-1580
In base 9, what is -5 + -5171?
-5176
In base 9, what is -4 - 10?
-14
In base 15, what is -44 - 4?
-48
In base 7, what is 1 + -610?
-606
In base 4, what is 30122 - -13?
30201
In base 12, what is 5a3 + 9?
5b0
In base 2, what is -100 - 100001?
-100101
In base 3, what is -11222 + 1012?
-10210
In base 8, what is -2 + 7735?
7733
In base 5, what is 2 + -424?
-422
In base 3, what is -20122 - -1212?
-11210
In base 13, what is -2b5 + 2?
-2b3
In base 9, what is 13 + 34?
47
In base 10, what is 394 + -3?
391
In base 3, what is -10 + 2010?
2000
In base 14, what is -818 + -2?
-81a
In base 6, what is -2 - 10504?
-10510
In base 7, what is -3 - -5?
2
In base 4, what is -12 - -312313?
312301
In base 16, what is -15f + e?
-151
In base 7, what is -1331 - -5?
-1323
In base 3, what is 12 - -1021001?
1021020
In base 13, what is 35 - 5?
30
In base 5, what is -2331 - -10?
-2321
In base 15, what is 1cce + 1?
1cd0
In base 8, what is 5313 + 4?
5317
In base 7, what is -166 - -54?
-112
In base 16, what is 6e2 + 0?
6e2
In base 10, what is 1 - -74?
75
In base 10, what is 67 - 22?
45
In base 15, what is 5 + 65?
6a
In base 2, what is 100 - -10100?
11000
In base 15, what is 1b - 1?
1a
In base 11, what is -686 - -1?
-685
In base 9, what is -3236 + 1?
-3235
In base 4, what is -3 + 0?
-3
In base 4, what is -2223 + -1?
-2230
In base 8, what is 261 - 37?
222
In base 10, what is -17 + 212?
195
In base 9, what is -36 - -12?
-24
In base 13, what is 3 - 2b6?
-2b3
In base 7, what is 2 + -13?
-11
In base 7, what is -62 + -11?
-103
In base 5, what is 1313 + -1?
1312
In base 15, what is 34 + -158?
-124
In base 16, what is -2 + -35?
-37
In base 13, what is 2 - -42?
44
In base 15, what is -2 + -46e?
-471
In base 6, what is 12 - -50?
102
In base 12, what is -4 + 2b6?
2b2
In base 7, what is -6 - -3515?
3506
In base 11, what is 9 - -157?
165
In base 5, what is -201 - 11?
-212
In base 12, what is 221 + -a?
213
In base 6, what is 13030 + 0?
13030
In base 11, what is -1 - 7?
-8
In base 11, what is -5 - -36?
31
In base 7, what is -232 - -10?
-222
In base 13, what is -564 - 4?
-568
In base 13, what is -59 + -24?
-80
In base 11, what is 8 - 34?
-27
In base 8, what is 6 - -4?
12
In base 2, what is 111110 + -1101011?
-101101
In base 14, what is -14 - -c?
-6
In base 11, what is 3a8 - 5?
3a3
In base 14, what is -3 - 1155?
-1158
In base 10, what is 0 + 12?
12
In base 16, what is 57 - 0?
57
In base 7, what is 336 - 3?
333
In base 12, what is 4 - 90?
-88
In base 2, what is -1000110 - 1?
-1000111
In base 9, what is 4 + -854?
-850
In base 12, what is 5a6 - 1a?
588
In base 15, what is -3a1 - 3?
-3a4
In base 8, what is -5 + 170?
163
In base 4, what is 3 - -1311?
1320
In base 15, what is 0 + -b3?
-b3
In base 16, what is 1 + -a?
-9
In base 7, what is -30 + 342?
312
In base 5, what is -1414 + 4?
-1410
In base 11, what is 5 - 10?
-6
In base 5, what is -3041 - -10?
-3031
In base 10, what is 57 + -64?
-7
In base 7, what is 3 + 124?
130
In base 12, what is 4 + -711?
-709
In base 6, what is 3 - -1440?
1443
In base 6, what is -144442 - 4?
-144450
In base 16, what is 1 - 2f?
-2e
In base 16, what is -158 - e?
-166
In base 15, what is -12 + -9?
-1b
In base 11, what is -3 + -2?
-5
In base 15, what is 1 - -15?
16
In base 12, what is -1225 - 5?
-122a
In base 14, what is 1 + -a1c?
-a1b
In base 14, what is 9 - 7?
2
In base 14, what is 7 + -6?
1
In base 9, what is -1 + -232?
-233
In base 5, what is -1124 - -10?
-1114
In base 12, what is -1 + -a2?
-a3
In base 16, what is c + -25?
-19
In base 8, what is 7 + -16?
-7
In base 3, what is -2 + 221?
212
In base 6, what is 0 + -452?
-452
In base 12, what is 82 - 14?
6a
In base 12, what is 312 + -2?
310
In base 16, what is 5 - -3a?
3f
In base 4, what is -12011 + 11?
-12000
In base 16, what is -8f - -3d?
-52
In base 15, what is -2 - 10?
-12
In base 11, what is -3 - -3570?
3568
In base 12, what is 4 - 63?
-5b
In base 14, what is -4 + 5c8?
5c4
In base 15, what is -8 - 21?
-29
In base 6, what is -40 - 5?
-45
In base 10, what is 10 + -70?
-60
In base 2, what is 100001010010 + 101?
100001010111
In base 7, what is 5256 + 3?
5262
In base 6, what is -100 - 21?
-121
In base 4, what is 133 + 121?
320
In base 9, what is 12103 + 3?
12106
In base 2, what is -11 - 100010010?
